late the remainder when u(27) is divided by 119.
20
Calculate the remainder when 717 is divided by ((11682/(-77))/(-9))/(2/14).
9
Suppose 8*s + 1338 = 11*s - 2*u, 0 = 5*s + 3*u - 2249. What is the remainder when 174 is divided by s/14 - (-2 + (6 - 0))?
6
Suppose 20*v + 3301 = 4481. What is the remainder when 1099 is divided by v?
37
Suppose 2*h - 5*h + 12 = 0. Suppose h*x + 2*z = 3*z + 320, 235 = 3*x - 2*z. Suppose -138*n - 1484 = -191*n. What is the remainder when x is divided by n?
25
Let t = -29631 - -29667. What is the remainder when 101 is divided by t?
29
Let a(d) = -109*d - 242. Calculate the remainder when a(-10) is divided by 25.
23
Let r(m) = -9*m**3 - 2*m**2 + 46*m + 94. Calculate the remainder when 127 is divided by r(-2).
61
Let f(w) = -11*w**2 + 44*w + 1015. Calculate the remainder when f(0) is divided by 98.
35
Let r(s) = 4*s - 19. Let z be r(8). Let w = -9 + z. What is the remainder when ((-66)/4)/(32/(-64)) is divided by w?
1
Let v(k) = 452*k - 1283. Calculate the remainder when 718 is divided by v(3).
61
Suppose 588*d = 577*d + 33. Suppose 91 - 37 = -3*l. What is the remainder when 82 is divided by 1*(d*5 - (-15 - l))?
10
Let v(y) = 6*y + 1. Suppose 101*w = 105*w - 24. Suppose -h - w = 4*q - 0*q, 4*q + 4 = -2*h. Calculate the remainder when 166 is divided by v(h).
10
Let r = 1390 + -742. Let v = r + -610. Calculate the remainder when 55 is divided by v.
17
Suppose -2*x = -32*m + 29*m + 281, 5*m = -5*x + 435. Suppose 4*d + m = 3*i, 3*i - 8*d - 86 = -3*d. Calculate the remainder when i is divided by 31.
6
Suppose -120862 + 70507 = -27*m. What is the remainder when m is divided by 459?
29
Let v(q) = -11*q**2 + 2*q**3 - 3*q - 7*q**3 + 19 + 7*q**3 - 6*q**2. Calculate the remainder when v(9) is divided by 19.
16
Suppose 0 = -99*u + 148*u - 7416 + 997. What is the remainder when u is divided by 6?
5
Let x = -2233 - -2342. Calculate the remainder when x is divided by 5.
4
Suppose 4771 = 5*v - 2*u, -487*u + 488*u - 1912 = -2*v. What is the remainder when v is divided by 152?
43
Let r(z) = 14*z**3 + 6*z**2 + 4*z**2 + 3*z**3 - 16*z**3 - 16 + 3*z. Calculate the remainder when 189 is divided by r(-9).
37
Let i = -359 - -384. Let h(p) = -p**3 + 5*p**2 + 15*p + 16. Calculate the remainder when h(6) is divided by i.
20
Suppose s + s - 3*u - 17 = 0, 2*s - 47 = -3*u. Calculate the remainder when 1101 is divided by s.
13
Let i = -124 - -129. Let d(w) = -w**3 - 9*w**2 - 2*w + 21. Calculate the remainder when d(-9) is divided by (-48)/(-2) + -3*i/5.
18
Suppose -3*j + 1 = -11. Let f(s) = s**2 - 6*s + 6. Let i be f(j). What is the remainder when 11 is divided by (1 + 1)/(i/(-5))?
1
Let k = -11174 - -11226. What is the remainder when 387 is divided by k?
23
Let a(u) = 25*u - 264. Calculate the remainder when 728 is divided by a(13).
57
Let b(i) = i**3 + 6*i**2 - 18*i - 111. Suppose -5*s = 4*h - 74, 0*h - 2*h + 44 = 3*s. Let o = s + -10. Calculate the remainder when o is divided by b(-5).
0
Let l(q) = 3*q**2 + q - 6. Let j be l(10). Let p = 483 - j. Calculate the remainder when p is divided by 15.
14
Let f = -41 - -57. Let g = f - -329. Suppose g = y + 4*y. What is the remainder when y is divided by 24?
21
Suppose -61*o = -59*o + 26. Calculate the remainder when o/(52/(-8)) - (-85 + -1) is divided by 4/(-8) - (-37)/2.
16
Let c be 70/(-385) - 5/((-165)/798). Suppose -c*n + 1483 = -29. Calculate the remainder when n is divided by 4.
3
Let q = 16 + 8. Suppose -792 = 25*y - 2517. What is the remainder when y is divided by q?
21
Suppose 13*x - 34167 + 10962 = -22*x. What is the remainder when x is divided by 192?
87
Let y = 12443 + -12063. What is the remainder when y is divided by 97?
89
Suppose 34*o = 429 + 47. Let c = 1 - 1. Suppose c = -o*d + 16*d - 174. What is the remainder when d is divided by 9?
6
Let o(h) = -h**3 - 18*h**2 - 18*h - 15. Let r be o(-17). Let t(n) = -n + 3. Calculate the remainder when (r - 19 - 1)/(45/(-30)) is divided by t(-2).
2
Suppose -28*y - 36 = -34*y. Suppose 2*h + d - 142 = 0, y*h - 8*h + 2*d + 142 = 0. What is the remainder when h is divided by 12?
11
Let a = 47 - 44. Let p(m) = 45*m + 37. Calculate the remainder when p(a) is divided by 52.
16
Let p = -47 + 90. What is the remainder when p is divided by ((-50)/8)/(1230/492)*(-56)/10?
1
Let y = 17007 - 16320. What is the remainder when y is divided by 114?
3
Suppose 20*r - 5175 = -233*r + 28*r. Suppose 37 = 3*x + 2*j, 0*j - 10 = -x - 3*j. Let u = -3 + x. What is the remainder when r is divided by u?
3
Suppose -3*p + 17 = -2*p. Let f be (1*16/(-20))/(2/5). What is the remainder when p is divided by -5*(-3)/6*(-4)/f?
2
Suppose -10740 + 10551 = -21*g. What is the remainder when 1876 is divided by g?
4
Let a(d) = -2419*d**3 + d**2 + 264*d + 262. What is the remainder when a(-1) is divided by 1206?
6
Suppose -83 + 13 = -30*y + 140. What is the remainder when 242 is divided by y?
4
Suppose 3*o = 82 + 92. Let j = -41708 + 41723. What is the remainder when o is divided by j?
13
Let i(v) = -26*v + 2. Let a be i(-1). Let l(d) = -d**2 - 14*d - 4. What is the remainder when l(-9) is divided by a/(7/(21/6))?
13
Let w = -12773 + 13094. What is the remainder when w is divided by 97?
30
Suppose -4*b + 24 = -2*b. Calculate the remainder when 42/(-4)*(113 - 117) is divided by b.
6
Suppose 0 = -5*p - 2*i + 80, 18 = 5*p + 4*i - 52. What is the remainder when (4/(-5))/(8/(-260)) is divided by p?
8
Let c(z) = 48*z**2 - 13*z - 10. Let x be c(-3). Let t = 562 - x. What is the remainder when 398 is divided by t?
95
Suppose -99*o = -109*o + 5820. Calculate the remainder when o is divided by 230.
122
Let v(t) = -t**3 - 5*t**2 + 17*t - 6. Let m be v(-8). Suppose -458*q = -453*q - m. Calculate the remainder when 98 is divided by q.
8
Let a(n) = -n**2 + 4*n - 3. Let g be a(1). Suppose g = s - 3*o, -2*o = 2*s - 4*s + 4. Suppose 3*d - s = 27. What is the remainder when 38 is divided by d?
8
Let c(r) = -r**3 + 20*r**2 - 11*r + 28. Suppose 153 = 3*z - 3*w, 6*z = 5*w - 63 + 369. Calculate the remainder when c(13) is divided by z.
48
Let t = -66 + 177. Suppose 47*b - y - 387 = 0, 31 = -3*b + 44*y - 49*y. What is the remainder when b is divided by t/21 + (-4)/14?
3
Let m be -3 + 22 - (8 + (2 - 6)). Calculate the remainder when 1164/15 + (-84)/m + 5 is divided by 8.
5
Let d = -4237 + 4278. What is the remainder when 128 is divided by d?
5
Let o(c) = 2*c - 24. Let g(m) = 2*m - 25. Let n be 4 - 4/12*21. Let u(v) = n*o(v) + 2*g(v). What is the remainder when 90 is divided by u(3)?
10
Suppose -4558 - 390 = -11*m + 3269. Calculate the remainder when m is divided by 21.
12
Suppose 9 = -l + 5*w, -28*l + 27 = -23*l - w. Let a(o) = -21*o + 9*o - 20*o + 1. What is the remainder when a(-1) is divided by l?
3
Let w(d) = -1119*d - 2. Let z be w(-2). Calculate the remainder when (-1 - z/(-12))/(6/9) is divided by 9.
8
Let w = -67 - -117. Calculate the remainder when w is divided by (-1012)/(-39) + 22/429.
24
Let u(l) = -l**3 - 4*l**2 - 7*l - 2. Suppose 5*b + 40 - 10 = 0. Calculate the remainder when u(b) is divided by 261/18*-3*(-4)/6.
25
Suppose -5*m - 103 = 22*r - 26*r, -2*r + 5*m = -49. Calculate the remainder when 185 is divided by r.
23
Suppose 11*m + 3105 = 38*m. Calculate the remainder when m is divided by 10.
5
Suppose 19*g - 45 = 50. Suppose g*r = -13*r + 612. What is the remainder when 50 is divided by r?
16
Let o(z) = 2*z**2 + 84*z + 84. What is the remainder when 87 is divided by o(0)?
3
Suppose 4*a = -16, 0 = 4*l + 15*a - 11*a + 4. Calculate the remainder when 6/4*(22/l + 6) is divided by 13.
7
Let y = -4507 - -4525. Let c be 4 + 1*(2 + -1). Suppose 5*s - 219 = -c*v - 39, 0 = v - 3. Calculate the remainder when s is divided by y.
15
Let c be (-1)/(1/(-2)*-1). What is the remainder when 1790/26 - 10/(-65) is divided by 5/(10/c) - -37?
33
Let h = -4495 + 4602. Calculate the remainder when 503 is divided by h.
75
Let g = 199 - 196. Suppose -2*z - 112 = -g*c - 3*z, 0 = -2*c - z + 73. What is the remainder when 231 is divided by c?
36
Let x be 3 + 11/((-55)/(-60)) - 0. Let a(o) = o**3 - 14*o**2 - 14*o + 12. Calculate the remainder when a(x) is divided by 19.
8
Suppose -5*j - 7*m + 2*m = -35, 5*j + 2*m - 23 = 0. Suppose 5*b - 473 = j*p, -5*b + p = -169 - 302. Calculate the remainder when b is divided by 24.
22
Su